705?
True
Is 35 a factor of 1995?
True
Is 2292 a multiple of 12?
True
Is 853 a multiple of 9?
False
Is 59 a factor of 83544?
True
Is 87 a factor of 750?
False
Does 104 divide 7240?
False
Is 18 a multiple of 18?
True
Is 3 a factor of 204?
True
Does 2 divide 254?
True
Is 803 a multiple of 26?
False
Is 141 even?
False
Is 9 a factor of 465?
False
Does 14 divide 3777?
False
Does 23 divide 1957?
False
Is 14952 a multiple of 24?
True
Is 301 a multiple of 15?
False
Is 306 a multiple of 35?
False
Does 11 divide 302?
False
Is 79 a factor of 242?
False
Is 2261 a multiple of 32?
False
Does 88 divide 4400?
True
Is 35418 a multiple of 33?
False
Is 88 a factor of 4664?
True
Is 480 a multiple of 19?
False
Is 6667 a multiple of 68?
False
Does 9 divide 1773?
True
Is 29 a factor of 91?
False
Does 64 divide 4032?
True
Is 11 a factor of 1166?
True
Is 225 a factor of 14175?
True
Is 2466 a multiple of 5?
False
Is 86 a factor of 30014?
True
Is 8660 a multiple of 4?
True
Does 9 divide 610?
False
Is 470 a multiple of 16?
False
Is 151 a factor of 1478?
False
Is 316 a multiple of 5?
False
Is 223 a factor of 16659?
False
Is 23 a factor of 92?
True
Does 194 divide 13968?
True
Does 6 divide 1494?
True
Is 35 a factor of 18795?
True
Is 41 a factor of 1284?
False
Does 16 divide 404?
False
Is 2679 a multiple of 77?
False
Is 27 a factor of 254?
False
Does 7 divide 18859?
False
Does 126 divide 11113?
False
Is 11409 a multiple of 8?
False
Is 3 a factor of 631?
False
Does 4 divide 656?
True
Is 18 a factor of 27342?
True
Does 114 divide 540?
False
Is 1650 a multiple of 6?
True
Is 148088 a multiple of 428?
True
Is 1007 a multiple of 19?
True
Is 12 a factor of 6600?
True
Is 37 a factor of 63714?
True
Does 9 divide 691?
False
Does 6 divide 506?
False
Does 4 divide 772?
True
Does 63 divide 5229?
True
Is 16 a factor of 800?
True
Is 52 a factor of 22204?
True
Is 160 a multiple of 20?
True
Does 21 divide 503?
False
Is 66387 a multiple of 45?
False
Does 40 divide 1457?
False
Does 4 divide 10316?
True
Does 9 divide 342?
True
Does 59 divide 784?
False
Is 440 a multiple of 22?
True
Is 340 a multiple of 10?
True
Is 604 a multiple of 6?
False
Is 1934 a multiple of 7?
False
Is 415 a multiple of 5?
True
Does 2 divide 285?
False
Is 74 a factor of 2516?
True
Does 312 divide 170696?
False
Is 1570 a multiple of 2?
True
Is 26 a factor of 3120?
True
Is 106 a factor of 16536?
True
Is 4710 a multiple of 26?
False
Does 6 divide 2218?
False
Does 95 divide 1805?
True
Is 59658 a multiple of 14?
False
Is 27638 a multiple of 212?
False
Is 53 a factor of 1696?
True
Is 142 a factor of 3166?
False
Is 10780 a multiple of 44?
True
Is 23 a factor of 1449?
True
Is 66 a factor of 15378?
True
Is 1551 a multiple of 12?
False
Does 3 divide 11418?
True
Is 4901 a multiple of 13?
True
Is 2035 a multiple of 37?
True
Does 23 divide 11707?
True
Is 25 a factor of 215?
False
Is 31 a factor of 1457?
True
Does 22 divide 5082?
True
Is 900 a multiple of 18?
True
Is 7 a factor of 70?
True
Is 5 a factor of 956?
False
Does 3 divide 5610?
True
Is 918 a multiple of 22?
False
Is 4830 a multiple of 6?
True
Does 11 divide 6930?
True
Is 50 a factor of 599?
False
Is 360 a multiple of 15?
True
Does 36 divide 3492?
True
Is 14 a factor of 196?
True
Is 3176 a multiple of 6?
False
Is 437 a multiple of 16?
False
Is 12 a factor of 3683?
False
Is 13 a factor of 208?
True
Is 1820 a multiple of 65?
True
Is 108 a factor of 12852?
True
Does 41 divide 278?
False
Is 18838 a multiple of 114?
False
Is 42 a factor of 84084?
True
Is 7 a factor of 107?
False
Does 16 divide 541?
False
Is 382 a multiple of 5?
False
Is 54 a factor of 1636?
False
Does 5 divide 2090?
True
Is 44 a factor of 1723?
False
Is 6975 a multiple of 43?
False
Is 6576 a multiple of 6?
True
Does 6 divide 1136?
False
Does 11 divide 17546?
False
Does 49 divide 1998?
False
Is 4 a factor of 279?
False
Does 48 divide 1502?
False
Is 17 a factor of 204?
True
Is 26106 a multiple of 8?
False
Is 416 a multiple of 16?
True
Is 1370 a multiple of 10?
True
Is 12555 a multiple of 15?
True
Is 4114 a multiple of 17?
True
Does 89 divide 3382?
True
Is 4 a factor of 5872?
True
Is 46903 a multiple of 35?
False
Is 1572 a multiple of 4?
True
Does 3 divide 216?
True
Is 23 a factor of 2087?
False
Does 2 divide 644?
True
Does 7 divide 1129?
False
Does 74 divide 8366?
False
Is 560 a multiple of 70?
True
Is 81 a multiple of 9?
True
Does 45 divide 259?
False
Does 9 divide 112?
False
Is 7 a factor of 6924?
False
Is 25 a factor of 12882?
False
Is 30 a factor of 6502?
False
Is 10 a factor of 5458?
False
Is 47715 a multiple of 44?
False
Is 169 a multiple of 5?
False
Is 2908 a multiple of 63?
False
Is 270 a multiple of 9?
True
Does 353 divide 50832?
True
Is 35 a factor of 30477?
False
Is 3314 a multiple of 12?
False
Is 634 a multiple of 8?
False
Does 43 divide 1503?
False
Does 18 divide 440?
False
Is 7 a factor of 10318?
True
Is 11 a factor of 18074?
False
Does 174 divide 62988?
True
Does 19 divide 35720?
True
Is 29333 a multiple of 58?
False
Does 52 divide 379?
False
Does 12 divide 60?
True
Does 34 divide 340?
True
Is 108 a factor of 3678?
False
Is 4 a factor of 981?
False
Is 51605 a multiple of 32?
False
Is 6178 a multiple of 9?
False
Does 10 divide 770?
True
Is 1528 a multiple of 16?
False
Is 34986 a multiple of 7?
True
Does 2 divide 327?
False
Is 46 a factor of 56488?
True
Is 2618 a multiple of 39?
False
Does 47 divide 1375?
False
Does 12 divide 1878?
False
Does 2 divide 1168?
True
Is 10 a factor of 3875?
False
Is 31 a factor of 32612?
True
Is 2 a factor of 463?
False
Does 18 divide 180?
True
Is 58 a factor of 168?
False
Is 55976 a multiple of 181?
False
Does 49 divide 1470?
True
Is 24 a multiple of 4?
True
Is 8875 a multiple of 55?
False
Is 37 a factor of 1327?
False
Is 14 a factor of 32094?
False
Is 225 a multiple of 9?
True
Is 60391 a multiple of 401?
False
Is 3596 a multiple of 62?
True
Is 268 a multiple of 8?
False
Does 20 divide 140?
True
Does 10 divide 1260?
True
Does 56 divide 392?
True
Is 2106 a multiple of 78?
True
Does 76 divide 2356?
True
Does 20 divide 6870?
False
Is 7 a factor of 14266?
True
Does 17 divide 587?
False
Is 8 a factor of 928?
True
Is 8 a factor of 224?
True
Does 23 divide 299?
True
Is 638 a multiple of 4?
False
Is 7 a factor of 469?
True
Does 49 divide 20923?
True
Does 2 divide 252?
True
Is 9 a factor of 2160?
True
Is 57 a multiple of 18?
False
Does 21 divide 3297?
True
Is 1782 a multiple of 27?
True
Is 41105 a multiple of 12?
False
Is 91 a multiple of 2?
False
Is 2 a factor of 119?
False
Is 1254 a multiple of 75?
False
Is 2 a factor of 145?
False
Is 885 a multiple of 40?
False
Is 10 a factor of 569?
False
Is 5 a factor of 4685?
True
Does 14 divide 5955?
False
Is 2657 a multiple of 12?
False
Is 196 a multiple of 49?
True
Does 112 divide 1344?
True
Does 4 divide 84?
True
Does 23 divide 10994?
True
Is 38 a factor of 15551?
False
Is 32 a factor of 1355?
False
Does 28 divide 22036?
True
Is 19 a factor of 1577?
True
Is 10296 a multiple of 78?
True
Is 666 a multiple of 4?
False
Is 23 a factor of 965?
False
Does 13 divide 700?
False
Does 22 divide 395?
False
Does 2 divide 735?
False
Is 353 a multiple of 49?
False
Does 98 divide 490?
True
Is 64 a factor of 31168?
True
Is 60 a factor of 28440?
True
Is 8 a factor of 6886?
False
Is 4172 a multiple of 4?
True
Does 14 divide 12964?
True
Is 20 a factor of 4960?
True
Is 16094 a multiple of 13?
True
Does 133 divide 25270?
True
Is 57154 a multiple of 82?
True
Is 1543 a multiple of 4?
False
Is 1534 a multiple of 2?
True
Is 19 a factor of 893?
True
Is 26 a factor of 17628?
True
Is 800 a multiple of 50?
True
Is 35 a factor of 3115?
True
Does 17 divide 727?
False
Does 6 divide 71?
False
Is 36802 a multiple of 51?
False
Is 16292 a multiple of 5?
False
Is 2664 a multiple of 6?
True
Is 18445 a multiple of 155?
True
Is 325 a factor of 1950?
True
Is 1270 a multiple of 17?
False
Is 1512 a multiple of 14?
True
Is 312 a multiple of 13?
True
Is 2 a factor of 974?
True
Is 7 a factor of 14324?
False
Is 256 a factor of 48384?
True
Is 558 a multiple of 62?
True
Does 44 divide 1188?
True
Does 26 divide 1300?
True
Is 8 a factor of 4136?
True
Is 45 a factor of 1350?
True
Is 3 a factor of 105?
True
Is 5214 a multiple of 33?
True
Is 107 a factor of 1605?
True
Is 22 a factor of 9046